{"id":10,"date":"2016-09-25T22:09:14","date_gmt":"2016-09-25T20:09:14","guid":{"rendered":"http:\/\/www.richomme.org\/?page_id=10"},"modified":"2021-08-29T12:00:23","modified_gmt":"2021-08-29T10:00:23","slug":"mes-classes","status":"publish","type":"page","link":"https:\/\/www.richomme.org\/index.php\/mes-classes\/","title":{"rendered":"Mes Cours"},"content":{"rendered":"<ul>\n<li><a href=\"https:\/\/www.richomme.org\/index.php\/mes-classes\/6emes\/\">1\u00e8re ann\u00e9e<\/a><\/li>\n<li><a href=\"https:\/\/www.richomme.org\/index.php\/mes-classes\/5emes\/\">2\u00e8me ann\u00e9e<\/a><\/li>\n<li><a href=\"https:\/\/www.richomme.org\/index.php\/mes-classes\/4emes\/\">3\u00e8me ann\u00e9e<\/a><\/li>\n<li><a href=\"https:\/\/www.richomme.org\/index.php\/mes-classes\/3emes\/\">4\u00e8me ann\u00e9e<\/a><\/li>\n<\/ul>\n\n\n<p><\/p>\n","protected":false},"excerpt":{"rendered":"<p>1\u00e8re ann\u00e9e 2\u00e8me ann\u00e9e 3\u00e8me ann\u00e9e 4\u00e8me ann\u00e9e<\/p>\n","protected":false},"author":1,"featured_media":0,"parent":0,"menu_order":0,"comment_status":"closed","ping_status":"closed","template":"","meta":{"footnotes":""},"_links":{"self":[{"href":"https:\/\/www.richomme.org\/index.php\/wp-json\/wp\/v2\/pages\/10"}],"collection":[{"href":"https:\/\/www.richomme.org\/index.php\/wp-json\/wp\/v2\/pages"}],"about":[{"href":"https:\/\/www.richomme.org\/index.php\/wp-json\/wp\/v2\/types\/page"}],"author":[{"embeddable":true,"href":"https:\/\/www.richomme.org\/index.php\/wp-json\/wp\/v2\/users\/1"}],"replies":[{"embeddable":true,"href":"https:\/\/www.richomme.org\/index.php\/wp-json\/wp\/v2\/comments?post=10"}],"version-history":[{"count":7,"href":"https:\/\/www.richomme.org\/index.php\/wp-json\/wp\/v2\/pages\/10\/revisions"}],"predecessor-version":[{"id":655,"href":"https:\/\/www.richomme.org\/index.php\/wp-json\/wp\/v2\/pages\/10\/revisions\/655"}],"wp:attachment":[{"href":"https:\/\/www.richomme.org\/index.php\/wp-json\/wp\/v2\/media?parent=10"}],"curies":[{"name":"wp","href":"https:\/\/api.w.org\/{rel}","templated":true}]}}