{"id":115,"date":"2016-09-28T22:20:31","date_gmt":"2016-09-28T20:20:31","guid":{"rendered":"http:\/\/www.richomme.org\/?page_id=115"},"modified":"2022-09-26T15:24:28","modified_gmt":"2022-09-26T13:24:28","slug":"4emes","status":"publish","type":"page","link":"https:\/\/www.richomme.org\/index.php\/mes-classes\/4emes\/","title":{"rendered":"3\u00e8me ann\u00e9e"},"content":{"rendered":"\n<h2 class=\"wp-block-heading\">Klassendeutsch: im Deutschzimmer sprechen wir Deutsch!<\/h2>\n\n\n\n<div style=\"width: 100%;\"><div style=\"position: relative; padding-bottom: 56.25%; padding-top: 0; height: 0;\"><iframe loading=\"lazy\" frameborder=\"0\" width=\"1200\" height=\"675\" style=\"position: absolute; top: 0; left: 0; width: 100%; height: 100%;\" src=\"https:\/\/view.genial.ly\/6135dfee908f5e0dae9bba47\" type=\"text\/html\" allowscriptaccess=\"always\" allowfullscreen=\"true\" scrolling=\"yes\" allownetworking=\"all\"><\/iframe> <\/div> <\/div>\n\n\n\n<h2 class=\"wp-block-heading\">Erz\u00e4hl von deinen Sommerferien!<\/h2>\n\n\n\n<div style=\"width: 100%;\"><div style=\"position: relative; padding-bottom: 56.25%; padding-top: 0; height: 0;\"><iframe loading=\"lazy\" frameborder=\"0\" width=\"1200\" height=\"675\" style=\"position: absolute; top: 0; left: 0; width: 100%; height: 100%;\" src=\"https:\/\/view.genial.ly\/613f3b0cc44e480de21d1385\" type=\"text\/html\" allowscriptaccess=\"always\" allowfullscreen=\"true\" scrolling=\"yes\" allownetworking=\"all\"><\/iframe> <\/div> <\/div>\n\n\n\n<h2 class=\"wp-block-heading\">R\u00e9vision des verbes forts pour l&#8217;emploi du parfait (=pass\u00e9 compos\u00e9)<\/h2>\n\n\n\n<div style=\"width: 100%;\"><div style=\"position: relative; padding-bottom: 56.25%; padding-top: 0; height: 0;\"><iframe loading=\"lazy\" frameborder=\"0\" width=\"1200\" height=\"675\" style=\"position: absolute; top: 0; left: 0; width: 100%; height: 100%;\" src=\"https:\/\/view.genial.ly\/6331a7573b00bb0012aeb302\" type=\"text\/html\" allowscriptaccess=\"always\" allowfullscreen=\"true\" scrolling=\"yes\" allownetworking=\"all\"><\/iframe> <\/div> <\/div>\n\n\n\n<h2 class=\"wp-block-heading\">SCHULJAHR 2021 2022<\/h2>\n\n\n\n<h2 class=\"wp-block-heading\">Grimms M\u00e4rchen<\/h2>\n\n\n\n<div style=\"width: 100%;\"><div style=\"position: relative; padding-bottom: 56.25%; padding-top: 0; height: 0;\"><iframe loading=\"lazy\" style=\"position: absolute; top: 0; left: 0; width: 100%; height: 100%;\" src=\"https:\/\/view.genial.ly\/61cf41321f63df0dd8e4909f\" type=\"text\/html\" allowscriptaccess=\"always\" allowfullscreen=\"true\" scrolling=\"yes\" allownetworking=\"all\" width=\"1200\" height=\"675\" frameborder=\"0\"><\/iframe> <\/div> <\/div>\n\n\n\n<h2 class=\"wp-block-heading\">Beim Austausch mitmachen: nach Deutschland fahren<\/h2>\n\n\n\n<div style=\"width: 100%;\"><div style=\"position: relative; padding-bottom: 56.25%; padding-top: 0; height: 0;\"><iframe loading=\"lazy\" style=\"position: absolute; top: 0; left: 0; width: 100%; height: 100%;\" src=\"https:\/\/view.genial.ly\/61730603f967db0df9ffc050\" type=\"text\/html\" allowscriptaccess=\"always\" allowfullscreen=\"true\" scrolling=\"yes\" allownetworking=\"all\" width=\"1200\" height=\"675\" frameborder=\"0\"><\/iframe> <\/div> <\/div>\n\n\n\n<p>Voici des documents pour r\u00e9viser les s\u00e9quences faites en 2\u00e8me ann\u00e9e:<\/p>\n\n\n\n<div data-wp-interactive=\"core\/file\" class=\"wp-block-file\"><object data-wp-bind--hidden=\"!state.hasPdfPreview\"  class=\"wp-block-file__embed\" data=\"https:\/\/www.richomme.org\/wp-content\/uploads\/2021\/08\/A2-Sequence-1-raconter-sa-routine-de-collegien.pdf\" type=\"application\/pdf\" style=\"width:100%;height:600px\" aria-label=\"Contenu embarqu\u00e9 Contenu embarqu\u00e9 A2-Sequence-1-raconter-sa-routine-de-collegien..\"><\/object><a href=\"https:\/\/www.richomme.org\/wp-content\/uploads\/2021\/08\/A2-Sequence-1-raconter-sa-routine-de-collegien.pdf\">A2-Sequence-1-raconter-sa-routine-de-collegien<\/a><a href=\"https:\/\/www.richomme.org\/wp-content\/uploads\/2021\/08\/A2-Sequence-1-raconter-sa-routine-de-collegien.pdf\" class=\"wp-block-file__button\" download>T\u00e9l\u00e9charger<\/a><\/div>\n\n\n\n<div data-wp-interactive=\"core\/file\" class=\"wp-block-file\"><object data-wp-bind--hidden=\"!state.hasPdfPreview\"  class=\"wp-block-file__embed\" data=\"https:\/\/www.richomme.org\/wp-content\/uploads\/2021\/08\/A2-Sequence-2-le-portrait.pdf\" type=\"application\/pdf\" style=\"width:100%;height:600px\" aria-label=\"Contenu embarqu\u00e9 Contenu embarqu\u00e9 A2-Sequence-2-le-portrait..\"><\/object><a href=\"https:\/\/www.richomme.org\/wp-content\/uploads\/2021\/08\/A2-Sequence-2-le-portrait.pdf\">A2-Sequence-2-le-portrait<\/a><a href=\"https:\/\/www.richomme.org\/wp-content\/uploads\/2021\/08\/A2-Sequence-2-le-portrait.pdf\" class=\"wp-block-file__button\" download>T\u00e9l\u00e9charger<\/a><\/div>\n\n\n\n<div data-wp-interactive=\"core\/file\" class=\"wp-block-file\"><object data-wp-bind--hidden=\"!state.hasPdfPreview\"  class=\"wp-block-file__embed\" data=\"https:\/\/www.richomme.org\/wp-content\/uploads\/2021\/08\/A2-Sequence-3-la-rue-la-ville.pdf\" type=\"application\/pdf\" style=\"width:100%;height:600px\" aria-label=\"Contenu embarqu\u00e9 Contenu embarqu\u00e9 A2-Sequence-3-la-rue-la-ville..\"><\/object><a href=\"https:\/\/www.richomme.org\/wp-content\/uploads\/2021\/08\/A2-Sequence-3-la-rue-la-ville.pdf\">A2-Sequence-3-la-rue-la-ville<\/a><a href=\"https:\/\/www.richomme.org\/wp-content\/uploads\/2021\/08\/A2-Sequence-3-la-rue-la-ville.pdf\" class=\"wp-block-file__button\" download>T\u00e9l\u00e9charger<\/a><\/div>\n\n\n\n<p><\/p>\n\n\n\n<div data-wp-interactive=\"core\/file\" class=\"wp-block-file\"><object data-wp-bind--hidden=\"!state.hasPdfPreview\"  class=\"wp-block-file__embed\" data=\"https:\/\/www.richomme.org\/wp-content\/uploads\/2021\/08\/A2-Sequence-4-mes-bonnes-resolutions.pdf\" type=\"application\/pdf\" style=\"width:100%;height:600px\" aria-label=\"Contenu embarqu\u00e9 Contenu embarqu\u00e9 A2-Sequence-4-mes-bonnes-resolutions..\"><\/object><a href=\"https:\/\/www.richomme.org\/wp-content\/uploads\/2021\/08\/A2-Sequence-4-mes-bonnes-resolutions.pdf\">A2-Sequence-4-mes-bonnes-resolutions<\/a><a href=\"https:\/\/www.richomme.org\/wp-content\/uploads\/2021\/08\/A2-Sequence-4-mes-bonnes-resolutions.pdf\" class=\"wp-block-file__button\" download>T\u00e9l\u00e9charger<\/a><\/div>\n\n\n\n<p><\/p>\n\n\n\n<div data-wp-interactive=\"core\/file\" class=\"wp-block-file\"><object data-wp-bind--hidden=\"!state.hasPdfPreview\"  class=\"wp-block-file__embed\" data=\"https:\/\/www.richomme.org\/wp-content\/uploads\/2021\/08\/A2-Sequence-5-la-meteo-et-le-bonheur.pdf\" type=\"application\/pdf\" style=\"width:100%;height:600px\" aria-label=\"Contenu embarqu\u00e9 Contenu embarqu\u00e9 A2-Sequence-5-la-meteo-et-le-bonheur..\"><\/object><a href=\"https:\/\/www.richomme.org\/wp-content\/uploads\/2021\/08\/A2-Sequence-5-la-meteo-et-le-bonheur.pdf\">A2-Sequence-5-la-meteo-et-le-bonheur<\/a><a href=\"https:\/\/www.richomme.org\/wp-content\/uploads\/2021\/08\/A2-Sequence-5-la-meteo-et-le-bonheur.pdf\" class=\"wp-block-file__button\" download>T\u00e9l\u00e9charger<\/a><\/div>\n\n\n\n<div data-wp-interactive=\"core\/file\" class=\"wp-block-file\"><object data-wp-bind--hidden=\"!state.hasPdfPreview\"  class=\"wp-block-file__embed\" data=\"https:\/\/www.richomme.org\/wp-content\/uploads\/2021\/08\/A2-Sequence-6-raconter-un-fait-passe.pdf\" type=\"application\/pdf\" style=\"width:100%;height:600px\" aria-label=\"Contenu embarqu\u00e9 Contenu embarqu\u00e9 A2-Sequence-6-raconter-un-fait-passe..\"><\/object><a href=\"https:\/\/www.richomme.org\/wp-content\/uploads\/2021\/08\/A2-Sequence-6-raconter-un-fait-passe.pdf\">A2-Sequence-6-raconter-un-fait-passe<\/a><a href=\"https:\/\/www.richomme.org\/wp-content\/uploads\/2021\/08\/A2-Sequence-6-raconter-un-fait-passe.pdf\" class=\"wp-block-file__button\" download>T\u00e9l\u00e9charger<\/a><\/div>\n\n\n\n<div data-wp-interactive=\"core\/file\" class=\"wp-block-file\"><object data-wp-bind--hidden=\"!state.hasPdfPreview\"  class=\"wp-block-file__embed\" data=\"https:\/\/www.richomme.org\/wp-content\/uploads\/2021\/08\/A2-Synthese-sur-la-conjugaison-des-verbes.pdf\" type=\"application\/pdf\" style=\"width:100%;height:600px\" aria-label=\"Contenu embarqu\u00e9 Contenu embarqu\u00e9 A2-Synthese-sur-la-conjugaison-des-verbes..\"><\/object><a href=\"https:\/\/www.richomme.org\/wp-content\/uploads\/2021\/08\/A2-Synthese-sur-la-conjugaison-des-verbes.pdf\">A2-Synthese-sur-la-conjugaison-des-verbes<\/a><a href=\"https:\/\/www.richomme.org\/wp-content\/uploads\/2021\/08\/A2-Synthese-sur-la-conjugaison-des-verbes.pdf\" class=\"wp-block-file__button\" download>T\u00e9l\u00e9charger<\/a><\/div>\n\n\n\n<div data-wp-interactive=\"core\/file\" class=\"wp-block-file\"><object data-wp-bind--hidden=\"!state.hasPdfPreview\"  class=\"wp-block-file__embed\" data=\"https:\/\/www.richomme.org\/wp-content\/uploads\/2021\/08\/A2-Synthese-sur-la-place-des-formes-verbales.pdf\" type=\"application\/pdf\" style=\"width:100%;height:600px\" aria-label=\"Contenu embarqu\u00e9 Contenu embarqu\u00e9 A2-Synthese-sur-la-place-des-formes-verbales..\"><\/object><a href=\"https:\/\/www.richomme.org\/wp-content\/uploads\/2021\/08\/A2-Synthese-sur-la-place-des-formes-verbales.pdf\">A2-Synthese-sur-la-place-des-formes-verbales<\/a><a href=\"https:\/\/www.richomme.org\/wp-content\/uploads\/2021\/08\/A2-Synthese-sur-la-place-des-formes-verbales.pdf\" class=\"wp-block-file__button\" download>T\u00e9l\u00e9charger<\/a><\/div>\n\n\n\n<div data-wp-interactive=\"core\/file\" class=\"wp-block-file\"><object data-wp-bind--hidden=\"!state.hasPdfPreview\"  class=\"wp-block-file__embed\" data=\"https:\/\/www.richomme.org\/wp-content\/uploads\/2021\/08\/A2-Voici-les-liens-pour-les-differentes-presentations.pdf\" type=\"application\/pdf\" style=\"width:100%;height:600px\" aria-label=\"Contenu embarqu\u00e9 Contenu embarqu\u00e9 A2-Voici-les-liens-pour-les-differentes-presentations..\"><\/object><a href=\"https:\/\/www.richomme.org\/wp-content\/uploads\/2021\/08\/A2-Voici-les-liens-pour-les-differentes-presentations.pdf\">A2-Voici-les-liens-pour-les-differentes-presentations<\/a><a href=\"https:\/\/www.richomme.org\/wp-content\/uploads\/2021\/08\/A2-Voici-les-liens-pour-les-differentes-presentations.pdf\" class=\"wp-block-file__button\" download>T\u00e9l\u00e9charger<\/a><\/div>\n","protected":false},"excerpt":{"rendered":"<p>Klassendeutsch: im Deutschzimmer sprechen wir Deutsch! Erz\u00e4hl von deinen Sommerferien! R\u00e9vision des verbes forts pour l&#8217;emploi du parfait (=pass\u00e9 compos\u00e9) SCHULJAHR 2021 2022 Grimms M\u00e4rchen Beim Austausch mitmachen: nach Deutschland fahren Voici des documents pour r\u00e9viser les s\u00e9quences faites en &hellip; <a href=\"https:\/\/www.richomme.org\/index.php\/mes-classes\/4emes\/\">Continuer la lecture <span class=\"meta-nav\">&rarr;<\/span><\/a><\/p>\n","protected":false},"author":1,"featured_media":0,"parent":10,"menu_order":0,"comment_status":"closed","ping_status":"closed","template":"","meta":{"footnotes":""},"_links":{"self":[{"href":"https:\/\/www.richomme.org\/index.php\/wp-json\/wp\/v2\/pages\/115"}],"collection":[{"href":"https:\/\/www.richomme.org\/index.php\/wp-json\/wp\/v2\/pages"}],"about":[{"href":"https:\/\/www.richomme.org\/index.php\/wp-json\/wp\/v2\/types\/page"}],"author":[{"embeddable":true,"href":"https:\/\/www.richomme.org\/index.php\/wp-json\/wp\/v2\/users\/1"}],"replies":[{"embeddable":true,"href":"https:\/\/www.richomme.org\/index.php\/wp-json\/wp\/v2\/comments?post=115"}],"version-history":[{"count":34,"href":"https:\/\/www.richomme.org\/index.php\/wp-json\/wp\/v2\/pages\/115\/revisions"}],"predecessor-version":[{"id":904,"href":"https:\/\/www.richomme.org\/index.php\/wp-json\/wp\/v2\/pages\/115\/revisions\/904"}],"up":[{"embeddable":true,"href":"https:\/\/www.richomme.org\/index.php\/wp-json\/wp\/v2\/pages\/10"}],"wp:attachment":[{"href":"https:\/\/www.richomme.org\/index.php\/wp-json\/wp\/v2\/media?parent=115"}],"curies":[{"name":"wp","href":"https:\/\/api.w.org\/{rel}","templated":true}]}}